ighest common factor of 18798195 and 390?
195
Calculate the greatest common factor of 2664 and 50088.
24
Calculate the greatest common factor of 27 and 20688363.
9
What is the highest common divisor of 35 and 338758?
7
Calculate the greatest common divisor of 76 and 756515362.
38
What is the highest common factor of 102 and 3733693?
17
What is the highest common factor of 20 and 9573830?
10
What is the greatest common divisor of 99 and 91005651?
99
What is the greatest common factor of 1704 and 1220?
4
What is the highest common divisor of 5 and 1328560235?
5
Calculate the greatest common divisor of 3520 and 361672.
8
What is the greatest common factor of 471293 and 134044?
713
Calculate the greatest common divisor of 89615024 and 16.
16
What is the greatest common factor of 5313 and 147278131?
1771
Calculate the highest common divisor of 417 and 139213365.
417
What is the highest common divisor of 2619279 and 24583?
793
What is the greatest common factor of 117576 and 1052664?
552
What is the highest common divisor of 77200755 and 1305?
435
Calculate the highest common factor of 218356236 and 21.
21
What is the greatest common divisor of 524656 and 32249?
271
What is the highest common factor of 848561 and 190134?
3521
What is the highest common divisor of 22374 and 30767?
11
Calculate the highest common divisor of 4269016 and 6087.
2029
Calculate the highest common factor of 3375 and 406267875.
1125
Calculate the highest common divisor of 4767825 and 453.
453
What is the highest common factor of 27855 and 48825?
45
What is the greatest common divisor of 2093 and 9064354?
13
What is the greatest common divisor of 37548 and 1666836?
36
What is the highest common factor of 5168 and 261756616?
2584
Calculate the highest common factor of 75217572 and 2106.
162
What is the greatest common divisor of 252 and 60226236?
252
What is the greatest common divisor of 26082 and 5074720?
322
Calculate the highest common divisor of 52305951 and 951.
951
What is the highest common factor of 952 and 22256689?
119
Calculate the greatest common divisor of 29040 and 113895.
15
What is the greatest common divisor of 53356937 and 688?
43
Calculate the greatest common factor of 2427400 and 17225.
1325
What is the greatest common divisor of 11184 and 339456?
48
Calculate the greatest common factor of 312821 and 9.
1
Calculate the highest common factor of 12320 and 81235.
385
What is the highest common factor of 175142 and 570259?
419
Calculate the greatest common divisor of 3 and 102795852.
3
What is the greatest common divisor of 193017684 and 5652?
1884
Calculate the highest common divisor of 504 and 404387676.
252
What is the highest common divisor of 6897 and 3331977?
363
What is the greatest common divisor of 11150 and 9758480?
2230
Calculate the greatest common divisor of 13 and 64840633.
13
Calculate the greatest common factor of 1326 and 2201874.
102
What is the highest common factor of 23568671 and 45577?
2681
What is the highest common divisor of 216500 and 127000?
500
What is the greatest common factor of 432273367 and 86?
43
Calculate the highest common divisor of 1728 and 103890624.
192
What is the greatest common factor of 6055 and 22672965?
35
Calculate the highest common factor of 20942520 and 5124.
732
What is the highest common divisor of 250202995 and 70?
35
What is the highest common factor of 76 and 622458449?
19
Calculate the highest common divisor of 475400 and 147800.
200
Calculate the highest common divisor of 6124066 and 26.
26
What is the greatest common factor of 4425 and 112074925?
1475
Calculate the highest common factor of 62930 and 1527575.
1015
Calculate the highest common divisor of 1991 and 714582.
11
What is the highest common divisor of 5167659 and 3021?
159
Calculate the highest common factor of 997886 and 62266.
326
What is the greatest common factor of 13002578 and 93?
31
Calculate the highest common divisor of 8055 and 541935.
45
What is the greatest common divisor of 348 and 2312568924?
348
Calculate the greatest common divisor of 25262 and 387103.
743
Calculate the highest common divisor of 25800 and 26230200.
600
What is the highest common divisor of 134960797 and 1442?
103
What is the highest common factor of 90 and 5455150?
10
What is the greatest common divisor of 7125 and 109801?
19
Calculate the greatest common factor of 1420 and 8539170.
710
What is the highest common divisor of 518 and 251898479?
259
Calculate the highest common divisor of 42 and 277179636.
6
What is the highest common factor of 2262762 and 171?
9
Calculate the highest common divisor of 661203 and 350649.
729
Calculate the highest common divisor of 596181 and 999.
111
Calculate the highest common factor of 497 and 1220561.
71
What is the greatest common factor of 21519807 and 595?
17
Calculate the highest common factor of 423 and 48538827.
423
Calculate the highest common divisor of 1085 and 2229241.
217
What is the greatest common factor of 2440674 and 126?
18
What is the highest common divisor of 33905 and 2150?
5
What is the greatest common factor of 145 and 100683389?
29
Calculate the greatest common factor of 909404715 and 15.
15
Calculate the highest common factor of 21125104 and 4472.
104
What is the highest common divisor of 40603 and 8956167?
2137
Calculate the greatest common factor of 27714 and 9636.
6
Calculate the highest common factor of 12087 and 52378343.
1343
What is the greatest common divisor of 945756 and 17357004?
6804
What is the highest common factor of 16048 and 28086006?
2006
What is the greatest common factor of 60960960 and 5760?
2880
Calculate the greatest common factor of 16980 and 12204.
12
What is the greatest common divisor of 16776 and 6578712?
72
What is the greatest common factor of 2310 and 581504?
154
Calculate the highest common divisor of 511 and 9176027.
511
What is the greatest common factor of 545700 and 1581?
51
Calculate the greatest common divisor of 23638044 and 267.
267
What is the highest common factor of 28348144 and 627?
11
What is the highest common divisor of 742098 and 30828?
42
Calculate the greatest common factor of 1405675 and 69325.
1475
Calculate the highest common divisor of 4743986 and 49725.
221
Calculate the greatest common factor of 138020860 and 5220.
580
Calculate the greatest common factor of 125 and 803156625.
125
Calculate the greatest common divisor of 5087232 and 6831.
621
What is the greatest common divisor of 53761290 and 15150?
3030
What is the highest common divisor of 41504 and 203693850?
2594
What is the greatest common factor of 22839300 and 5500?
1100
Calculate the highest common divisor of 44586 and 8658.
18
Calculate the greatest common factor of 1515341427 and 20414.
10207
Calculate the greatest common divisor of 156136512 and 1008.
336
Calculate the highest common factor of 420921 and 23391.
9
What is the greatest common factor of 182619 and 3705767?
197
What is the highest common factor of 23842020 and 255?
15
What is the greatest common divisor of 559439601 and 639?
213
Calculate the greatest common divisor of 4333438 and 660142.
1546
Calculate the greatest common factor of 464786 and 112.
14
What is the highest common factor of 20116978 and 404?
202
What is the highest common divisor of 363 and 7431?
3
Calculate the highest common factor of 14752 and 1056151.
461
What is the highest common factor of 2094 and 37941?
3
Calculate the greatest common divisor of 296166076 and 236.
236
What is the greatest common factor of 71653 and 2789932?
907
Calculate the greatest common divisor of 5 and 1002335.
5
Calculate the greatest common divisor of 87 and 104046461.
29
Calculate the highest common divisor of 7048 and 19997819.
881
What is the greatest common divisor of 42344 and 3377408?
632
Calculate the highest common factor of 41686 and 679858.
38
Calculate the greatest common factor of 862776 and 54234.
414
Calculate the greatest common factor of 2984 and 4628557.
373
Calculate the greatest common factor of 224687 and 1403.
23
Calculate the greatest common divisor of 44650827 and 117.
117
Calculate the highest common factor of 288 and 36603744.
96
What is the highest common divisor of 243325 and 2450?
25
Calculate the highest common divisor of 67338 and 2673568.
2494
Wh